675 = 0. What is the tens digit of w?
6
Let m(i) = i**2 - 10*i + 1. Let v be m(10). Let h be 58 + (v + 1)/(-1). Suppose 4*l + w = 57, -10 = -5*l - 3*w + h. What is the tens digit of l?
1
Suppose -14 = 4*v + 2. Let p be 4 - (-2)/v*-2. Suppose 4*b = 2*f + 84, -p*f - 102 = -5*b - f. What is the units digit of b?
2
Let v be (6/12)/((-2)/(-24)). Let t(i) be the third derivative of i**5/60 - 5*i**4/24 - i**3/3 + 10*i**2. What is the units digit of t(v)?
4
Let i(f) = -f**3 - 2*f**2 + f + 2. Let b be i(-1). Suppose b*w - 3*w - 14 = -4*l, 15 = 5*w + l. What is the units digit of w?
2
Let t = -17 + 10. Let y = -4 - t. What is the units digit of 7*2/21*y?
2
Let c(u) = -11*u - 16. Let p be c(-2). Suppose -p*n = -0*n - 54. What is the units digit of n?
9
Let h be 0/(5 + 6/(-2)) + 0. Suppose h = 5*t + 46 - 241. What is the tens digit of t?
3
Let s = 1284 + 176. What is the units digit of s?
0
What is the units digit of 2/(48/21 - (-4)/(-2))?
7
Let j(z) = 7*z**2 + 1 + 12*z**3 + 7*z - 4*z**3 - 9*z**3. What is the tens digit of j(6)?
7
Let p(z) = -5*z**3 + z**2 + z. Let b be p(-1). Suppose 259 = -b*w + 29. Let k = -20 - w. What is the units digit of k?
6
Suppose -5*o + 7*h + 422 = 3*h, -3*h + 436 = 5*o. Let r be (82/(-8))/(1/(-4)). Let f = o - r. What is the units digit of f?
5
Suppose 3*u + 2492 = 4*b, -6*b + 11*b = 5*u + 3120. What is the tens digit of b?
2
Suppose -5*c - 2*a - 5961 = -10*c, -5*a = 4*c - 4749. What is the tens digit of c?
9
Suppose -740*p = -736*p - 36. What is the units digit of p?
9
Let q(p) = p**2 + 1. Let s(c) = -3*c**2 + c + 2. Let w(n) = 5*q(n) + s(n). Let d(g) = -46*g - 5. Let t be d(0). What is the units digit of w(t)?
2
Suppose 3*p - 117 = -4*m, m - p = 4 + 34. Let o(v) = -8*v**2 + v - 1. Let w be o(1). Let k = w + m. What is the units digit of k?
5
Suppose 72*z + 4675 = 77*z. What is the tens digit of z?
3
Suppose -13*q = 7*q - 8660. What is the hundreds digit of q?
4
Let c = -11 + 16. Suppose -212 = -3*h + 4*z, -7 = c*h + 2*z - 343. What is the units digit of h?
8
Let g be (2 - 0 - 64/(-8))*46. Suppose 0*o + 5*o = g. What is the units digit of o?
2
Suppose -6*r = -10*r + 644. What is the tens digit of r?
6
Let w(h) be the first derivative of h**3/3 - 9*h**2/2 + 15*h + 9. Let m be w(10). Suppose 235 = 4*c - r, m = -5*c + 3*r + 324. What is the units digit of c?
8
Let s be (-28)/6*(-11 - -14). Let r = 14 + s. Suppose -3*n = -r*o + o - 58, -5*o = -n + 14. What is the units digit of n?
9
Let y(d) = 4*d**2 + 2. Let g be y(2). Let w = g - 18. Suppose -2*m + w = -r - 32, 2*r = m - 19. What is the units digit of m?
5
Suppose -220 = 5*t - 5*m + m, -88 = 2*t + 4*m. Let b = -267 - t. What is the tens digit of (-14)/(-35) - b/5?
4
Let o(n) = n - 13. Let a be o(5). What is the units digit of (-1)/((-12)/a)*5*-3?
0
Let o = -847 - -1711. What is the tens digit of o?
6
Suppose -3*v + 186 = 3*o, 37 = -2*v + 2*o + 141. What is the tens digit of ((-50)/30)/((-1)/v + 0)?
9
Let v(x) = 9*x**2 + x + 2. Let a be v(-1). What is the units digit of 11 - 2 - (-1 + -6 + a)?
6
Let c = -7 + 11. Suppose -2*z + j + 0 = -12, -4*z - c*j = -36. What is the units digit of z?
7
Let j be 6 - 1/2*4. Suppose 2 = j*b - 18. Suppose -2*s - 2*r = -66, b*s - 3*s = -4*r + 70. What is the tens digit of s?
3
Let x = -19 + 27. Let s = x - -21. What is the units digit of s?
9
Suppose 23 = 4*c - 57. Suppose -6*n - c = -n, 2*a + 2*n = -18. What is the units digit of (-357)/(-35) - (-1)/a?
0
Suppose -65*u + 91*u - 53846 = 0. What is the tens digit of u?
7
Let a(p) = 9*p + 4. Let s be a(12). Let i = -76 + s. What is the units digit of i?
6
Let p be 4 - (-2)/(0 + -1 + 2). Suppose p*t = 664 + 242. What is the units digit of t?
1
Suppose -2*c + 12 = 2*w - c, 0 = 3*w - c - 13. Let p = -56 - -106. Suppose w*t - p = 3*t. What is the units digit of t?
5
Let q = -453 - -657. What is the units digit of q?
4
Suppose 0 = 5*y + 56 - 351. Suppose y = -2*m - 5*b - 6, 0 = 4*m + 5*b + 135. Let t = m + 50. What is the tens digit of t?
1
Let n(j) = -4*j + 15. Let o(t) = -5*t + 16. Let r(i) = 6*n(i) - 5*o(i). Let z be r(-7). Suppose 3 = z*d - 0*d. What is the units digit of d?
1
Let b = -4249 - -8779. What is the tens digit of b?
3
Suppose -4*u + 7*u - 12 = 0. Suppose a + 715 = 4*a + 2*c, u*a - 2*c - 944 = 0. What is the hundreds digit of a?
2
Let s = 31 - 1. Suppose 0 = 2*w + 4 - s. What is the tens digit of w?
1
What is the units digit of (-5)/(((-3)/(-6))/((-942)/12))?
5
Suppose a = y + 4*a - 12, -5*y + 9 = -2*a. Suppose -5*s = 0, 4*s = 2*b - y*b + 19. What is the units digit of b?
9
Suppose 3*o = 2*j + j - 6, j = 2*o. Suppose 2*m + 0*b + j*b - 98 = 0, 4*b - 153 = -3*m. What is the units digit of m?
5
What is the units digit of 655*1/(-2)*432/(-270)?
4
Let f = -3 + 13. Let g be (1740 - f) + (0 - 0). What is the tens digit of g/90 - 2/9?
1
Let i(y) = y**3 - 6*y**2 - 2*y - 15. Let l be i(8). Let u = l - 55. What is the units digit of u?
2
Suppose -2073 = -7*q + 48. What is the units digit of q?
3
Suppose -153 = -3*p + 3*m + 108, -4*p - 2*m = -348. Suppose 5*t = 2*g - 189, g - p = -0*g - 5*t. What is the units digit of g?
2
Let j be (85/(-20) + 3)*-8. Suppose j = -17*o + 22*o. Suppose 0 = -o*l + 4*f + 74, -5*l - 2*f + 200 = -7*f. What is the units digit of l?
3
Let h be 0/(-2 + 1) - 3. Let l be (-7 - h)*(-74)/(-8). Let g = 5 - l. What is the tens digit of g?
4
Let j be 8/(-1) + (-4 - -7). Let v = 7 + j. Suppose 0 = -2*q - v*q + 140. What is the tens digit of q?
3
Suppose 2*k - 2*t + 16 = -0*t, -3*t - 8 = 5*k. Let c = 1 - k. Suppose x = -c*b - x + 16, -x = 2. What is the units digit of b?
4
Let c = -8 + 13. Suppose -5*o = 2*k - c*k - 58, -4 = -k. What is the units digit of 10/(-35) - (-88)/o?
6
Let t = 11 + -5. Let r be ((-8)/t)/(4/162). What is the tens digit of 9/(r/(-20))*6?
2
Let t(c) be the third derivative of 7*c**4/6 + c**3/6 + 3*c**2. Let r be t(1). Let m = 45 - r. What is the tens digit of m?
1
Let s(p) be the third derivative of p**5/15 - p**4/3 - p**3 + 5*p**2. Let b be s(-6). Suppose b = 4*n + z - 3*z, -n = -5*z - 69. What is the tens digit of n?
4
Let k(n) = -2*n - 9. Let o(y) = -2*y**2 - 2*y + 10. Let w be o(3). Let s = w - -6. What is the units digit of k(s)?
7
Suppose -7*i + 4*i = -3. Let f be (-2 - i) + -1 + 6. Suppose -5*t + 311 = 3*p, -4*p = -f*t - 3*p + 120. What is the units digit of t?
1
Let v(w) = 6 + 5*w + 2*w**2 - 6 + 0. Let z be v(-9). Let g = z + -58. What is the tens digit of g?
5
Suppose 0 = 2*l + 6*l + 64. What is the units digit of (l - -4)/(-2) - -3?
5
Let n(r) = -332*r - 1. What is the hundreds digit of n(-2)?
6
Suppose j - 4*j + z = -809, -j + 261 = 4*z. What is the hundreds digit of j?
2
Suppose -22134 = -31*n + 20925. What is the units digit of n?
9
Let k be ((-20)/(-12) + -1)*6. Suppose 177 = k*x + 5. What is the units digit of x?
3
Suppose f + 175 = -u + 6*u, 3*u + 5*f - 133 = 0. Let k = 112 - u. What is the tens digit of k?
7
Let h = 25 - 77. Let a = h + 31. What is the units digit of (-4)/2*a/2?
1
Let s = 2 + -4. Let a be -3*(-2 + 0) + s. What is the tens digit of (-1)/(-2) - (-206)/a?
5
Suppose 1 - 2 = -c. Let s be (-4 - -12)/(-2)*c. What is the units digit of (-3498)/(-78) - s/26?
5
What is the units digit of (-2)/12 + -4 + (-25149)/(-18)?
3
Let o = -2 + 2. Suppose 2*i - 336 = -o*i. What is the units digit of (2/(-4))/((-3)/i)?
8
Suppose 0 = -3*g + 2*v + 70, 90 = 4*g + 2*v - 3*v. What is the units digit of g?
2
Let h(i) be the second derivative of -7*i**4/12 + i**3/2 - i**2 - 2*i. Let f be h(2). Let l = -12 - f. What is the tens digit of l?
1
Let n = 337 + -204. What is the hundreds digit of n?
1
Suppose -15*n + 10*n - 20 = 0. What is the units digit of (-2 + 18 - 2)/((-2)/n)?
8
Suppose -5*l + 2*k = 7*k + 20, 3*k = 3*l. Let s be ((-9)/18)/(l/12). Suppose -5*q = 5*f - 345, -4*f - 136 + 408 = s*q. What is the tens digit of f?
6
What is the units digit of 3337/1 + (-20)/20*2?
5
Let w be -131 - (-12)/(2 + -5). Let n = -77 - w. What is the tens digit of n?
5
Let s be (-2)/18*-3*24. What is the hundreds digit of 105 - (-1*1 + (s - 9))?
1
Let i(m) = 3*m**2 + 4*m - 77. What is the hundreds digit of i(-15)?
5
Let x = 3499 - 1763. What is the thousands digit of x?
1
Suppose q + 2*q = 5*w - 166, 0 = 5*w - 4*q - 168. Suppose -3*t - 3*r + 522 = 0, t = r + 144 + w. What i